
2, 3, 5, 509, 1867
What are the prime factors of 100395718?
2, 1607, 31237
What are the prime factors of 4122147833?
4122147833
List the prime factors of 2768913950.
2, 5, 11, 5034389
List the prime factors of 114024463.
7, 16289209
List the prime factors of 1740453550.
2, 5, 11, 1117, 2833
What are the prime factors of 3762185753?
3762185753
What are the prime factors of 1614422784?
2, 3, 13, 101, 1601
List the prime factors of 27485766.
2, 3, 7, 11, 2833
What are the prime factors of 1901898366?
2, 3, 19, 2203, 7573
What are the prime factors of 113749613?
3323, 34231
What are the prime factors of 408962654?
2, 89, 2297543
List the prime factors of 135081683.
11, 53, 231701
What are the prime factors of 43486160?
2, 5, 617, 881
What are the prime factors of 15711840?
2, 3, 5, 3637
List the prime factors of 1656299841.
3, 7, 967, 81563
What are the prime factors of 2737490718?
2, 3, 8117, 56209
What are the prime factors of 54981914?
2, 13, 23, 91943
List the prime factors of 6435088613.
47, 136916779
What are the prime factors of 180138458?
2, 31, 2905459
What are the prime factors of 142007604?
2, 3, 431, 27457
List the prime factors of 348496941.
3, 13, 8935819
List the prime factors of 88807681.
41, 2166041
What are the prime factors of 1086494756?
2, 163, 1666403
What are the prime factors of 68992369?
127, 239, 2273
What are the prime factors of 3780495187?
7, 29, 2660447
What are the prime factors of 405385895?
5, 3163, 25633
List the prime factors of 67268360.
2, 5, 19, 61, 1451
List the prime factors of 2549903569.
19, 43, 3121057
What are the prime factors of 39412416?
2, 3, 233, 881
List the prime factors of 32719610.
2, 5, 7, 11, 3863
List the prime factors of 2147351688.
2, 3, 199, 49957
What are the prime factors of 177498232?
2, 22187279
What are the prime factors of 276163393?
11, 139, 180617
List the prime factors of 2659613317.
37, 71881441
What are the prime factors of 486832356?
2, 3, 1502569
List the prime factors of 2618837591.
2618837591
List the prime factors of 944259285.
3, 5, 29, 491, 4421
What are the prime factors of 378999222?
2, 3, 7, 61, 3019
List the prime factors of 6421313.
37, 173549
What are the prime factors of 37765796?
2, 163, 57923
What are the prime factors of 11963334?
2, 3, 31, 64319
List the prime factors of 221149011.
3, 3307, 22291
What are the prime factors of 73715697?
3, 11, 248201
List the prime factors of 1025426271.
3, 341808757
What are the prime factors of 873171521?
251, 3478771
What are the prime factors of 106740805?
5, 21348161
What are the prime factors of 269145157?
269145157
List the prime factors of 129086166.
2, 3, 11, 23, 85037
List the prime factors of 211685894.
2, 7, 15120421
What are the prime factors of 2867704434?
2, 3, 7, 22759559
What are the prime factors of 353182350?
2, 3, 5, 211, 11159
What are the prime factors of 17052523?
37, 641, 719
What are the prime factors of 226524657?
3, 31, 2435749
What are the prime factors of 1319548867?
7, 13, 367, 39511
What are the prime factors of 44662303?
7, 149, 42821
What are the prime factors of 290074167?
3, 331, 97373
List the prime factors of 310336720.
2, 5, 239, 16231
What are the prime factors of 33423068?
2, 7, 137, 8713
List the prime factors of 186863511.
3, 409, 152293
What are the prime factors of 1071391448?
2, 133923931
What are the prime factors of 3857994142?
2, 43, 44860397
List the prime factors of 75767058.
2, 3, 4209281
List the prime factors of 1670026985.
5, 11, 677, 44851
What are the prime factors of 18194357?
23, 421, 1879
What are the prime factors of 2801819?
2801819
List the prime factors of 2484576135.
3, 5, 19, 53, 54829
What are the prime factors of 11413981?
11413981
List the prime factors of 95810965.
5, 19162193
List the prime factors of 511991535.
3, 5, 11, 282089
List the prime factors of 28654964.
2, 13, 19, 23, 97
List the prime factors of 181539119.
71, 367, 6967
What are the prime factors of 6700224960?
2, 3, 5, 11, 13, 17, 29
What are the prime factors of 80793869?
13, 1907, 3259
What are the prime factors of 558533084?
2, 139633271
What are the prime factors of 76469943?
3, 11, 1741
List the prime factors of 811432266.
2, 3, 135238711
What are the prime factors of 63193705?
5, 12638741
List the prime factors of 1124124260.
2, 5, 7, 271, 29629
What are the prime factors of 4794598?
2, 2397299
What are the prime factors of 2466582019?
11, 67, 967, 3461
What are the prime factors of 1034283632?
2, 101, 640027
What are the prime factors of 2791489321?
71, 1069, 36779
List the prime factors of 121560408.
2, 3, 41, 41179
What are the prime factors of 680747115?
3, 5, 45383141
List the prime factors of 244999076.
2, 7, 29, 31, 9733
What are the prime factors of 4392902515?
5, 37, 23745419
List the prime factors of 23648988.
2, 3, 11, 97, 1847
List the prime factors of 2310297277.
21661, 106657
List the prime factors of 429082240.
2, 5, 761, 881
List the prime factors of 7272748762.
2, 233, 2753, 5669
What are the prime factors of 3549782280?
2, 3, 5, 11, 23, 116923
List the prime factors of 560223322.
2, 19, 317, 46507
List the prime factors of 19213679.
19213679
List the prime factors of 435349958.
2, 353, 616643
List the prime factors of 818545016.
2, 191, 535697
List the prime factors of 2389572270.
2, 3, 5, 823, 32261
List the prime factors of 483254901.
3, 53, 823, 1231
What are the prime factors of 506340032?
2, 11, 23, 31271
List the prime factors of 116969023.
41, 149, 467
What are the prime factors of 991822241?
61, 16259381
What are the prime factors of 46923712?
2, 11, 66653
List the prime factors of 29572209.
3, 365089
List the prime factors of 872626067.
872626067
List the prime factors of 644142319.
883, 729493
What are the prime factors of 1250384958?
2, 3, 23155277
What are the prime factors of 97283191?
103, 944497
List the prime factors of 32116064.
2, 1003627
What are the prime factors of 264181597?
31, 151, 56437
List the prime factors of 874281345.
3, 5, 7, 431, 19319
List the prime factors of 230988070.
2, 5, 23098807
What are the prime factors of 81141415?
5, 31, 523493
What are the prime factors of 2355473?
31, 75983
What are the prime factors of 2059943989?
7853, 262313
What are the prime factors of 1110053140?
2, 5, 7, 23, 59, 5843
List the prime factors of 60182663.
60182663
What are the prime factors of 3627497187?
3, 23, 61, 287281
List the prime factors of 168926236.
2, 42231559
What are the prime factors of 6686418848?
2, 7489, 27901
What are the prime factors of 178454855?
5, 271, 131701
List the prime factors of 4370577407.
7, 211, 2959091
List the prime factors of 66268811.
7, 9466973
List the prime factors of 316030900.
2, 5, 3160309
What are the prime factors of 89044749?
3, 9893861
What are the prime factors of 1016050862?
2, 661, 768571
What are the prime factors of 151347509?
139, 1088831
What are the prime factors of 718722490?
2, 5, 71872249
List the prime factors of 25750109.
7, 11, 137, 2441
List the prime factors of 3703447423.
13, 113, 2521067
What are the prime factors of 31539593?
31539593
What are the prime factors of 1342941544?
2, 7, 23981099
What are the prime factors of 108745457?
1697, 64081
What are the prime factors of 3980991123?
3, 442332347
List the prime factors of 893343206.
2, 7, 373, 24439
What are the prime factors of 327584558?
2, 7, 683, 34259
List the prime factors of 54031788.
2, 3, 593, 2531
List the prime factors of 32945517.
3, 11, 30253
What are the prime factors of 46285441?
17, 59, 46147
What are the prime factors of 38461735?
5, 13, 17, 34807
List the prime factors of 1150012563.
3, 7, 19, 101, 28537
What are the prime factors of 165925861?
73, 2272957
What are the prime factors of 3314885540?
2, 5, 19, 83, 227, 463
What are the prime factors of 48462292?
2, 12115573
List the prime factors of 191201437.
7, 29, 941879
List the prime factors of 210264433.
210264433
List the prime factors of 1159614925.
5, 7, 1747, 3793
List the prime factors of 1015681986.
2, 3, 11, 79, 5903
List the prime factors of 2709041788.
2, 53, 12778499
List the prime factors of 77614978.
2, 7, 5543927
List the prime factors of 226378445.
5, 19, 43, 151, 367
List the prime factors of 2799744791.
19, 147354989
What are the prime factors of 18724